{"id":1129,"date":"2026-03-18T05:45:32","date_gmt":"2026-03-18T05:45:32","guid":{"rendered":"https:\/\/vandvingetek.com\/?page_id=1129"},"modified":"2026-03-18T16:19:18","modified_gmt":"2026-03-18T16:19:18","slug":"mutual-de-seguridad-ambiental","status":"publish","type":"page","link":"https:\/\/vandvingetek.com\/index.php\/mutual-de-seguridad-ambiental\/","title":{"rendered":"Mutual de Seguridad\u00a0Ambiental"},"content":{"rendered":"\n<div class=\"gb-element-26fc3260\"><\/div>\n\n\n\n<div class=\"gb-element-5a59b648\">\n<div class=\"gb-element-854b4927\">\n<div class=\"gb-element-f5bd9dbe\">\n<div class=\"gb-element-8fcb422f\">\n<h2 class=\"gb-text gb-text-a79e8059\"><strong>Mutual de Seguridad: Ambiental<\/strong><\/h2>\n\n\n\n<p class=\"gb-text gb-text-121ae363\">Elaboraci\u00f3n de EIA y DIA, Auditor\u00edas de Resoluci\u00f3n de Calificaci\u00f3n Ambiental (RCA), Diagn\u00f3sticos Legales Ambientales y diagn\u00f3sticos T\u00e9cnicos de Sistemas de Gesti\u00f3n Ambiental, en empresas tales como: Finning S.A., Cotaco S.A., Bbosch S.A. Prosegur S.A., Tecnored S.A., WEIR Minerals, Vulco S.A, Volvo S.A., ENAER y otras.<br><\/p>\n<\/div>\n\n\n\n<div class=\"gb-element-f6be6cb5\">\n<figure class=\"wp-block-image size-full is-resized\"><img loading=\"lazy\" decoding=\"async\" width=\"1024\" height=\"1024\" src=\"https:\/\/vandvingetek.com\/wp-content\/uploads\/2026\/03\/Gemini_Generated_Image_m82u4mm82u4mm82u.png\" alt=\"\" class=\"wp-image-1157\" style=\"object-fit:cover;width:400px;height:auto\" srcset=\"https:\/\/vandvingetek.com\/wp-content\/uploads\/2026\/03\/Gemini_Generated_Image_m82u4mm82u4mm82u.png 1024w, https:\/\/vandvingetek.com\/wp-content\/uploads\/2026\/03\/Gemini_Generated_Image_m82u4mm82u4mm82u-300x300.png 300w, https:\/\/vandvingetek.com\/wp-content\/uploads\/2026\/03\/Gemini_Generated_Image_m82u4mm82u4mm82u-150x150.png 150w, https:\/\/vandvingetek.com\/wp-content\/uploads\/2026\/03\/Gemini_Generated_Image_m82u4mm82u4mm82u-768x768.png 768w\" sizes=\"auto, (max-width: 1024px) 100vw, 1024px\" \/><\/figure>\n<\/div>\n<\/div>\n<\/div>\n<\/div>\n","protected":false},"excerpt":{"rendered":"<p>Mutual de Seguridad: Ambiental Elaboraci\u00f3n de EIA y DIA, Auditor\u00edas de Resoluci\u00f3n de Calificaci\u00f3n Ambiental (RCA), Diagn\u00f3sticos Legales Ambientales y diagn\u00f3sticos T\u00e9cnicos de Sistemas de Gesti\u00f3n Ambiental, en empresas tales como: Finning S.A., Cotaco S.A., Bbosch S.A. Prosegur S.A., Tecnored S.A., WEIR Minerals, Vulco S.A, Volvo S.A., ENAER y otras.<\/p>\n","protected":false},"author":1,"featured_media":0,"parent":0,"menu_order":0,"comment_status":"closed","ping_status":"closed","template":"","meta":{"footnotes":""},"class_list":["post-1129","page","type-page","status-publish"],"yoast_head":"<!-- This site is optimized with the Yoast SEO plugin v26.7 - https:\/\/yoast.com\/wordpress\/plugins\/seo\/ -->\n<title>Mutual de Seguridad\u00a0Ambiental - VANDV INGENIERIA<\/title>\n<meta name=\"robots\" content=\"index, follow, max-snippet:-1, max-image-preview:large, max-video-preview:-1\" \/>\n<link rel=\"canonical\" href=\"https:\/\/vandvingetek.com\/index.php\/mutual-de-seguridad-ambiental\/\" \/>\n<meta property=\"og:locale\" content=\"es_ES\" \/>\n<meta property=\"og:type\" content=\"article\" \/>\n<meta property=\"og:title\" content=\"Mutual de Seguridad\u00a0Ambiental - VANDV INGENIERIA\" \/>\n<meta property=\"og:description\" content=\"Mutual de Seguridad: Ambiental Elaboraci\u00f3n de EIA y DIA, Auditor\u00edas de Resoluci\u00f3n de Calificaci\u00f3n Ambiental (RCA), Diagn\u00f3sticos Legales Ambientales y diagn\u00f3sticos T\u00e9cnicos de Sistemas de Gesti\u00f3n Ambiental, en empresas tales como: Finning S.A., Cotaco S.A., Bbosch S.A. Prosegur S.A., Tecnored S.A., WEIR Minerals, Vulco S.A, Volvo S.A., ENAER y otras.\" \/>\n<meta property=\"og:url\" content=\"https:\/\/vandvingetek.com\/index.php\/mutual-de-seguridad-ambiental\/\" \/>\n<meta property=\"og:site_name\" content=\"VANDV INGENIERIA\" \/>\n<meta property=\"article:modified_time\" content=\"2026-03-18T16:19:18+00:00\" \/>\n<meta property=\"og:image\" content=\"https:\/\/vandvingetek.com\/wp-content\/uploads\/2026\/03\/Gemini_Generated_Image_m82u4mm82u4mm82u.png\" \/>\n\t<meta property=\"og:image:width\" content=\"1024\" \/>\n\t<meta property=\"og:image:height\" content=\"1024\" \/>\n\t<meta property=\"og:image:type\" content=\"image\/png\" \/>\n<meta name=\"twitter:card\" content=\"summary_large_image\" \/>\n<meta name=\"twitter:label1\" content=\"Tiempo de lectura\" \/>\n\t<meta name=\"twitter:data1\" content=\"1 minuto\" \/>\n<script type=\"application\/ld+json\" class=\"yoast-schema-graph\">{\"@context\":\"https:\/\/schema.org\",\"@graph\":[{\"@type\":\"WebPage\",\"@id\":\"https:\/\/vandvingetek.com\/index.php\/mutual-de-seguridad-ambiental\/\",\"url\":\"https:\/\/vandvingetek.com\/index.php\/mutual-de-seguridad-ambiental\/\",\"name\":\"Mutual de Seguridad\u00a0Ambiental - VANDV INGENIERIA\",\"isPartOf\":{\"@id\":\"https:\/\/vandvingetek.com\/#website\"},\"primaryImageOfPage\":{\"@id\":\"https:\/\/vandvingetek.com\/index.php\/mutual-de-seguridad-ambiental\/#primaryimage\"},\"image\":{\"@id\":\"https:\/\/vandvingetek.com\/index.php\/mutual-de-seguridad-ambiental\/#primaryimage\"},\"thumbnailUrl\":\"https:\/\/vandvingetek.com\/wp-content\/uploads\/2026\/03\/Gemini_Generated_Image_m82u4mm82u4mm82u.png\",\"datePublished\":\"2026-03-18T05:45:32+00:00\",\"dateModified\":\"2026-03-18T16:19:18+00:00\",\"breadcrumb\":{\"@id\":\"https:\/\/vandvingetek.com\/index.php\/mutual-de-seguridad-ambiental\/#breadcrumb\"},\"inLanguage\":\"es\",\"potentialAction\":[{\"@type\":\"ReadAction\",\"target\":[\"https:\/\/vandvingetek.com\/index.php\/mutual-de-seguridad-ambiental\/\"]}]},{\"@type\":\"ImageObject\",\"inLanguage\":\"es\",\"@id\":\"https:\/\/vandvingetek.com\/index.php\/mutual-de-seguridad-ambiental\/#primaryimage\",\"url\":\"https:\/\/vandvingetek.com\/wp-content\/uploads\/2026\/03\/Gemini_Generated_Image_m82u4mm82u4mm82u.png\",\"contentUrl\":\"https:\/\/vandvingetek.com\/wp-content\/uploads\/2026\/03\/Gemini_Generated_Image_m82u4mm82u4mm82u.png\",\"width\":1024,\"height\":1024},{\"@type\":\"BreadcrumbList\",\"@id\":\"https:\/\/vandvingetek.com\/index.php\/mutual-de-seguridad-ambiental\/#breadcrumb\",\"itemListElement\":[{\"@type\":\"ListItem\",\"position\":1,\"name\":\"Portada\",\"item\":\"https:\/\/vandvingetek.com\/\"},{\"@type\":\"ListItem\",\"position\":2,\"name\":\"Mutual de Seguridad\u00a0Ambiental\"}]},{\"@type\":\"WebSite\",\"@id\":\"https:\/\/vandvingetek.com\/#website\",\"url\":\"https:\/\/vandvingetek.com\/\",\"name\":\"VANDV INGENIERIA\",\"description\":\"\",\"publisher\":{\"@id\":\"https:\/\/vandvingetek.com\/#organization\"},\"potentialAction\":[{\"@type\":\"SearchAction\",\"target\":{\"@type\":\"EntryPoint\",\"urlTemplate\":\"https:\/\/vandvingetek.com\/?s={search_term_string}\"},\"query-input\":{\"@type\":\"PropertyValueSpecification\",\"valueRequired\":true,\"valueName\":\"search_term_string\"}}],\"inLanguage\":\"es\"},{\"@type\":\"Organization\",\"@id\":\"https:\/\/vandvingetek.com\/#organization\",\"name\":\"VANDV INGENIERIA\",\"url\":\"https:\/\/vandvingetek.com\/\",\"logo\":{\"@type\":\"ImageObject\",\"inLanguage\":\"es\",\"@id\":\"https:\/\/vandvingetek.com\/#\/schema\/logo\/image\/\",\"url\":\"https:\/\/vandvingetek.com\/wp-content\/uploads\/2026\/01\/logo-vandv-ingtek-01_v2-06-scaled.png\",\"contentUrl\":\"https:\/\/vandvingetek.com\/wp-content\/uploads\/2026\/01\/logo-vandv-ingtek-01_v2-06-scaled.png\",\"width\":2560,\"height\":555,\"caption\":\"VANDV INGENIERIA\"},\"image\":{\"@id\":\"https:\/\/vandvingetek.com\/#\/schema\/logo\/image\/\"}}]}<\/script>\n<!-- \/ Yoast SEO plugin. -->","yoast_head_json":{"title":"Mutual de Seguridad\u00a0Ambiental - VANDV INGENIERIA","robots":{"index":"index","follow":"follow","max-snippet":"max-snippet:-1","max-image-preview":"max-image-preview:large","max-video-preview":"max-video-preview:-1"},"canonical":"https:\/\/vandvingetek.com\/index.php\/mutual-de-seguridad-ambiental\/","og_locale":"es_ES","og_type":"article","og_title":"Mutual de Seguridad\u00a0Ambiental - VANDV INGENIERIA","og_description":"Mutual de Seguridad: Ambiental Elaboraci\u00f3n de EIA y DIA, Auditor\u00edas de Resoluci\u00f3n de Calificaci\u00f3n Ambiental (RCA), Diagn\u00f3sticos Legales Ambientales y diagn\u00f3sticos T\u00e9cnicos de Sistemas de Gesti\u00f3n Ambiental, en empresas tales como: Finning S.A., Cotaco S.A., Bbosch S.A. Prosegur S.A., Tecnored S.A., WEIR Minerals, Vulco S.A, Volvo S.A., ENAER y otras.","og_url":"https:\/\/vandvingetek.com\/index.php\/mutual-de-seguridad-ambiental\/","og_site_name":"VANDV INGENIERIA","article_modified_time":"2026-03-18T16:19:18+00:00","og_image":[{"url":"https:\/\/vandvingetek.com\/wp-content\/uploads\/2026\/03\/Gemini_Generated_Image_m82u4mm82u4mm82u.png","width":1024,"height":1024,"type":"image\/png"}],"twitter_card":"summary_large_image","twitter_misc":{"Tiempo de lectura":"1 minuto"},"schema":{"@context":"https:\/\/schema.org","@graph":[{"@type":"WebPage","@id":"https:\/\/vandvingetek.com\/index.php\/mutual-de-seguridad-ambiental\/","url":"https:\/\/vandvingetek.com\/index.php\/mutual-de-seguridad-ambiental\/","name":"Mutual de Seguridad\u00a0Ambiental - VANDV INGENIERIA","isPartOf":{"@id":"https:\/\/vandvingetek.com\/#website"},"primaryImageOfPage":{"@id":"https:\/\/vandvingetek.com\/index.php\/mutual-de-seguridad-ambiental\/#primaryimage"},"image":{"@id":"https:\/\/vandvingetek.com\/index.php\/mutual-de-seguridad-ambiental\/#primaryimage"},"thumbnailUrl":"https:\/\/vandvingetek.com\/wp-content\/uploads\/2026\/03\/Gemini_Generated_Image_m82u4mm82u4mm82u.png","datePublished":"2026-03-18T05:45:32+00:00","dateModified":"2026-03-18T16:19:18+00:00","breadcrumb":{"@id":"https:\/\/vandvingetek.com\/index.php\/mutual-de-seguridad-ambiental\/#breadcrumb"},"inLanguage":"es","potentialAction":[{"@type":"ReadAction","target":["https:\/\/vandvingetek.com\/index.php\/mutual-de-seguridad-ambiental\/"]}]},{"@type":"ImageObject","inLanguage":"es","@id":"https:\/\/vandvingetek.com\/index.php\/mutual-de-seguridad-ambiental\/#primaryimage","url":"https:\/\/vandvingetek.com\/wp-content\/uploads\/2026\/03\/Gemini_Generated_Image_m82u4mm82u4mm82u.png","contentUrl":"https:\/\/vandvingetek.com\/wp-content\/uploads\/2026\/03\/Gemini_Generated_Image_m82u4mm82u4mm82u.png","width":1024,"height":1024},{"@type":"BreadcrumbList","@id":"https:\/\/vandvingetek.com\/index.php\/mutual-de-seguridad-ambiental\/#breadcrumb","itemListElement":[{"@type":"ListItem","position":1,"name":"Portada","item":"https:\/\/vandvingetek.com\/"},{"@type":"ListItem","position":2,"name":"Mutual de Seguridad\u00a0Ambiental"}]},{"@type":"WebSite","@id":"https:\/\/vandvingetek.com\/#website","url":"https:\/\/vandvingetek.com\/","name":"VANDV INGENIERIA","description":"","publisher":{"@id":"https:\/\/vandvingetek.com\/#organization"},"potentialAction":[{"@type":"SearchAction","target":{"@type":"EntryPoint","urlTemplate":"https:\/\/vandvingetek.com\/?s={search_term_string}"},"query-input":{"@type":"PropertyValueSpecification","valueRequired":true,"valueName":"search_term_string"}}],"inLanguage":"es"},{"@type":"Organization","@id":"https:\/\/vandvingetek.com\/#organization","name":"VANDV INGENIERIA","url":"https:\/\/vandvingetek.com\/","logo":{"@type":"ImageObject","inLanguage":"es","@id":"https:\/\/vandvingetek.com\/#\/schema\/logo\/image\/","url":"https:\/\/vandvingetek.com\/wp-content\/uploads\/2026\/01\/logo-vandv-ingtek-01_v2-06-scaled.png","contentUrl":"https:\/\/vandvingetek.com\/wp-content\/uploads\/2026\/01\/logo-vandv-ingtek-01_v2-06-scaled.png","width":2560,"height":555,"caption":"VANDV INGENIERIA"},"image":{"@id":"https:\/\/vandvingetek.com\/#\/schema\/logo\/image\/"}}]}},"_links":{"self":[{"href":"https:\/\/vandvingetek.com\/index.php\/wp-json\/wp\/v2\/pages\/1129","targetHints":{"allow":["GET"]}}],"collection":[{"href":"https:\/\/vandvingetek.com\/index.php\/wp-json\/wp\/v2\/pages"}],"about":[{"href":"https:\/\/vandvingetek.com\/index.php\/wp-json\/wp\/v2\/types\/page"}],"author":[{"embeddable":true,"href":"https:\/\/vandvingetek.com\/index.php\/wp-json\/wp\/v2\/users\/1"}],"replies":[{"embeddable":true,"href":"https:\/\/vandvingetek.com\/index.php\/wp-json\/wp\/v2\/comments?post=1129"}],"version-history":[{"count":14,"href":"https:\/\/vandvingetek.com\/index.php\/wp-json\/wp\/v2\/pages\/1129\/revisions"}],"predecessor-version":[{"id":1228,"href":"https:\/\/vandvingetek.com\/index.php\/wp-json\/wp\/v2\/pages\/1129\/revisions\/1228"}],"wp:attachment":[{"href":"https:\/\/vandvingetek.com\/index.php\/wp-json\/wp\/v2\/media?parent=1129"}],"curies":[{"name":"wp","href":"https:\/\/api.w.org\/{rel}","templated":true}]}}