{"id":872,"date":"2026-01-16T01:12:01","date_gmt":"2026-01-16T01:12:01","guid":{"rendered":"https:\/\/vandvingetek.com\/?page_id=872"},"modified":"2026-03-18T16:21:34","modified_gmt":"2026-03-18T16:21:34","slug":"diagnostico-pronostico-y-planificacion-de-integridad","status":"publish","type":"page","link":"https:\/\/vandvingetek.com\/index.php\/diagnostico-pronostico-y-planificacion-de-integridad\/","title":{"rendered":"Diagn\u00f3stico, Pron\u00f3stico y Planificaci\u00f3n de Integridad"},"content":{"rendered":"\n<div class=\"gb-element-2f8ebbde\"><\/div>\n\n\n\n<div class=\"gb-element-2951f954\">\n<div class=\"gb-element-e67f0dc4\">\n<div class=\"gb-element-b84f0fb0\">\n<div class=\"gb-element-fc60e59c\">\n<h2 class=\"gb-text gb-text-a79e8059\"><strong><strong>Diagn\u00f3stico, Pron\u00f3stico y Planificaci\u00f3n de<br>Integridad<\/strong><\/strong><\/h2>\n\n\n\n<p class=\"gb-text gb-text-121ae363\">Diagn\u00f3stico, pron\u00f3stico y planificaci\u00f3n de integridad\u201d es el servicio que permite evaluar el estado real de los activos, anticipar fallas antes de que ocurran y planificar intervenciones que aseguren continuidad operacional, optimizando costos, disponibilidad y seguridad en la operaci\u00f3n minera.<br><\/p>\n<\/div>\n\n\n\n<div class=\"gb-element-83a18cb1\">\n<img loading=\"lazy\" decoding=\"async\" width=\"720\" height=\"400\" class=\"gb-media-1d891a40\" alt=\"servicios_02_vandving\" title=\"servicios_02_vandving\" src=\"https:\/\/vandvingetek.com\/wp-content\/uploads\/2026\/01\/servicios_02_vandving.jpg\" srcset=\"https:\/\/vandvingetek.com\/wp-content\/uploads\/2026\/01\/servicios_02_vandving.jpg 720w, https:\/\/vandvingetek.com\/wp-content\/uploads\/2026\/01\/servicios_02_vandving-300x167.jpg 300w\" sizes=\"auto, (max-width: 720px) 100vw, 720px\" \/>\n<\/div>\n<\/div>\n<\/div>\n<\/div>\n","protected":false},"excerpt":{"rendered":"<p>Diagn\u00f3stico, Pron\u00f3stico y Planificaci\u00f3n deIntegridad Diagn\u00f3stico, pron\u00f3stico y planificaci\u00f3n de integridad\u201d es el servicio que permite evaluar el estado real de los activos, anticipar fallas antes de que ocurran y planificar intervenciones que aseguren continuidad operacional, optimizando costos, disponibilidad y seguridad en la operaci\u00f3n minera.<\/p>\n","protected":false},"author":1,"featured_media":0,"parent":0,"menu_order":0,"comment_status":"closed","ping_status":"closed","template":"","meta":{"footnotes":""},"class_list":["post-872","page","type-page","status-publish"],"yoast_head":"<!-- This site is optimized with the Yoast SEO plugin v26.7 - https:\/\/yoast.com\/wordpress\/plugins\/seo\/ -->\n<title>Diagn\u00f3stico, Pron\u00f3stico y Planificaci\u00f3n de Integridad - VANDV INGENIERIA<\/title>\n<meta name=\"robots\" content=\"index, follow, max-snippet:-1, max-image-preview:large, max-video-preview:-1\" \/>\n<link rel=\"canonical\" href=\"https:\/\/vandvingetek.com\/index.php\/diagnostico-pronostico-y-planificacion-de-integridad\/\" \/>\n<meta property=\"og:locale\" content=\"es_ES\" \/>\n<meta property=\"og:type\" content=\"article\" \/>\n<meta property=\"og:title\" content=\"Diagn\u00f3stico, Pron\u00f3stico y Planificaci\u00f3n de Integridad - VANDV INGENIERIA\" \/>\n<meta property=\"og:description\" content=\"Diagn\u00f3stico, Pron\u00f3stico y Planificaci\u00f3n deIntegridad Diagn\u00f3stico, pron\u00f3stico y planificaci\u00f3n de integridad\u201d es el servicio que permite evaluar el estado real de los activos, anticipar fallas antes de que ocurran y planificar intervenciones que aseguren continuidad operacional, optimizando costos, disponibilidad y seguridad en la operaci\u00f3n minera.\" \/>\n<meta property=\"og:url\" content=\"https:\/\/vandvingetek.com\/index.php\/diagnostico-pronostico-y-planificacion-de-integridad\/\" \/>\n<meta property=\"og:site_name\" content=\"VANDV INGENIERIA\" \/>\n<meta property=\"article:modified_time\" content=\"2026-03-18T16:21:34+00:00\" \/>\n<meta property=\"og:image\" content=\"https:\/\/vandvingetek.com\/wp-content\/uploads\/2026\/01\/servicios_02_vandving.jpg\" \/>\n<meta name=\"twitter:card\" content=\"summary_large_image\" \/>\n<meta name=\"twitter:label1\" content=\"Tiempo de lectura\" \/>\n\t<meta name=\"twitter:data1\" content=\"1 minuto\" \/>\n<script type=\"application\/ld+json\" class=\"yoast-schema-graph\">{\"@context\":\"https:\/\/schema.org\",\"@graph\":[{\"@type\":\"WebPage\",\"@id\":\"https:\/\/vandvingetek.com\/index.php\/diagnostico-pronostico-y-planificacion-de-integridad\/\",\"url\":\"https:\/\/vandvingetek.com\/index.php\/diagnostico-pronostico-y-planificacion-de-integridad\/\",\"name\":\"Diagn\u00f3stico, Pron\u00f3stico y Planificaci\u00f3n de Integridad - VANDV INGENIERIA\",\"isPartOf\":{\"@id\":\"https:\/\/vandvingetek.com\/#website\"},\"primaryImageOfPage\":{\"@id\":\"https:\/\/vandvingetek.com\/index.php\/diagnostico-pronostico-y-planificacion-de-integridad\/#primaryimage\"},\"image\":{\"@id\":\"https:\/\/vandvingetek.com\/index.php\/diagnostico-pronostico-y-planificacion-de-integridad\/#primaryimage\"},\"thumbnailUrl\":\"https:\/\/vandvingetek.com\/wp-content\/uploads\/2026\/01\/servicios_02_vandving.jpg\",\"datePublished\":\"2026-01-16T01:12:01+00:00\",\"dateModified\":\"2026-03-18T16:21:34+00:00\",\"breadcrumb\":{\"@id\":\"https:\/\/vandvingetek.com\/index.php\/diagnostico-pronostico-y-planificacion-de-integridad\/#breadcrumb\"},\"inLanguage\":\"es\",\"potentialAction\":[{\"@type\":\"ReadAction\",\"target\":[\"https:\/\/vandvingetek.com\/index.php\/diagnostico-pronostico-y-planificacion-de-integridad\/\"]}]},{\"@type\":\"ImageObject\",\"inLanguage\":\"es\",\"@id\":\"https:\/\/vandvingetek.com\/index.php\/diagnostico-pronostico-y-planificacion-de-integridad\/#primaryimage\",\"url\":\"https:\/\/vandvingetek.com\/wp-content\/uploads\/2026\/01\/servicios_02_vandving.jpg\",\"contentUrl\":\"https:\/\/vandvingetek.com\/wp-content\/uploads\/2026\/01\/servicios_02_vandving.jpg\",\"width\":720,\"height\":400,\"caption\":\"servicios_02_vandving\"},{\"@type\":\"BreadcrumbList\",\"@id\":\"https:\/\/vandvingetek.com\/index.php\/diagnostico-pronostico-y-planificacion-de-integridad\/#breadcrumb\",\"itemListElement\":[{\"@type\":\"ListItem\",\"position\":1,\"name\":\"Portada\",\"item\":\"https:\/\/vandvingetek.com\/\"},{\"@type\":\"ListItem\",\"position\":2,\"name\":\"Diagn\u00f3stico, Pron\u00f3stico y Planificaci\u00f3n de Integridad\"}]},{\"@type\":\"WebSite\",\"@id\":\"https:\/\/vandvingetek.com\/#website\",\"url\":\"https:\/\/vandvingetek.com\/\",\"name\":\"VANDV INGENIERIA\",\"description\":\"\",\"publisher\":{\"@id\":\"https:\/\/vandvingetek.com\/#organization\"},\"potentialAction\":[{\"@type\":\"SearchAction\",\"target\":{\"@type\":\"EntryPoint\",\"urlTemplate\":\"https:\/\/vandvingetek.com\/?s={search_term_string}\"},\"query-input\":{\"@type\":\"PropertyValueSpecification\",\"valueRequired\":true,\"valueName\":\"search_term_string\"}}],\"inLanguage\":\"es\"},{\"@type\":\"Organization\",\"@id\":\"https:\/\/vandvingetek.com\/#organization\",\"name\":\"VANDV INGENIERIA\",\"url\":\"https:\/\/vandvingetek.com\/\",\"logo\":{\"@type\":\"ImageObject\",\"inLanguage\":\"es\",\"@id\":\"https:\/\/vandvingetek.com\/#\/schema\/logo\/image\/\",\"url\":\"https:\/\/vandvingetek.com\/wp-content\/uploads\/2026\/01\/logo-vandv-ingtek-01_v2-06-scaled.png\",\"contentUrl\":\"https:\/\/vandvingetek.com\/wp-content\/uploads\/2026\/01\/logo-vandv-ingtek-01_v2-06-scaled.png\",\"width\":2560,\"height\":555,\"caption\":\"VANDV INGENIERIA\"},\"image\":{\"@id\":\"https:\/\/vandvingetek.com\/#\/schema\/logo\/image\/\"}}]}<\/script>\n<!-- \/ Yoast SEO plugin. -->","yoast_head_json":{"title":"Diagn\u00f3stico, Pron\u00f3stico y Planificaci\u00f3n de Integridad - VANDV INGENIERIA","robots":{"index":"index","follow":"follow","max-snippet":"max-snippet:-1","max-image-preview":"max-image-preview:large","max-video-preview":"max-video-preview:-1"},"canonical":"https:\/\/vandvingetek.com\/index.php\/diagnostico-pronostico-y-planificacion-de-integridad\/","og_locale":"es_ES","og_type":"article","og_title":"Diagn\u00f3stico, Pron\u00f3stico y Planificaci\u00f3n de Integridad - VANDV INGENIERIA","og_description":"Diagn\u00f3stico, Pron\u00f3stico y Planificaci\u00f3n deIntegridad Diagn\u00f3stico, pron\u00f3stico y planificaci\u00f3n de integridad\u201d es el servicio que permite evaluar el estado real de los activos, anticipar fallas antes de que ocurran y planificar intervenciones que aseguren continuidad operacional, optimizando costos, disponibilidad y seguridad en la operaci\u00f3n minera.","og_url":"https:\/\/vandvingetek.com\/index.php\/diagnostico-pronostico-y-planificacion-de-integridad\/","og_site_name":"VANDV INGENIERIA","article_modified_time":"2026-03-18T16:21:34+00:00","og_image":[{"url":"https:\/\/vandvingetek.com\/wp-content\/uploads\/2026\/01\/servicios_02_vandving.jpg","type":"","width":"","height":""}],"twitter_card":"summary_large_image","twitter_misc":{"Tiempo de lectura":"1 minuto"},"schema":{"@context":"https:\/\/schema.org","@graph":[{"@type":"WebPage","@id":"https:\/\/vandvingetek.com\/index.php\/diagnostico-pronostico-y-planificacion-de-integridad\/","url":"https:\/\/vandvingetek.com\/index.php\/diagnostico-pronostico-y-planificacion-de-integridad\/","name":"Diagn\u00f3stico, Pron\u00f3stico y Planificaci\u00f3n de Integridad - VANDV INGENIERIA","isPartOf":{"@id":"https:\/\/vandvingetek.com\/#website"},"primaryImageOfPage":{"@id":"https:\/\/vandvingetek.com\/index.php\/diagnostico-pronostico-y-planificacion-de-integridad\/#primaryimage"},"image":{"@id":"https:\/\/vandvingetek.com\/index.php\/diagnostico-pronostico-y-planificacion-de-integridad\/#primaryimage"},"thumbnailUrl":"https:\/\/vandvingetek.com\/wp-content\/uploads\/2026\/01\/servicios_02_vandving.jpg","datePublished":"2026-01-16T01:12:01+00:00","dateModified":"2026-03-18T16:21:34+00:00","breadcrumb":{"@id":"https:\/\/vandvingetek.com\/index.php\/diagnostico-pronostico-y-planificacion-de-integridad\/#breadcrumb"},"inLanguage":"es","potentialAction":[{"@type":"ReadAction","target":["https:\/\/vandvingetek.com\/index.php\/diagnostico-pronostico-y-planificacion-de-integridad\/"]}]},{"@type":"ImageObject","inLanguage":"es","@id":"https:\/\/vandvingetek.com\/index.php\/diagnostico-pronostico-y-planificacion-de-integridad\/#primaryimage","url":"https:\/\/vandvingetek.com\/wp-content\/uploads\/2026\/01\/servicios_02_vandving.jpg","contentUrl":"https:\/\/vandvingetek.com\/wp-content\/uploads\/2026\/01\/servicios_02_vandving.jpg","width":720,"height":400,"caption":"servicios_02_vandving"},{"@type":"BreadcrumbList","@id":"https:\/\/vandvingetek.com\/index.php\/diagnostico-pronostico-y-planificacion-de-integridad\/#breadcrumb","itemListElement":[{"@type":"ListItem","position":1,"name":"Portada","item":"https:\/\/vandvingetek.com\/"},{"@type":"ListItem","position":2,"name":"Diagn\u00f3stico, Pron\u00f3stico y Planificaci\u00f3n de Integridad"}]},{"@type":"WebSite","@id":"https:\/\/vandvingetek.com\/#website","url":"https:\/\/vandvingetek.com\/","name":"VANDV INGENIERIA","description":"","publisher":{"@id":"https:\/\/vandvingetek.com\/#organization"},"potentialAction":[{"@type":"SearchAction","target":{"@type":"EntryPoint","urlTemplate":"https:\/\/vandvingetek.com\/?s={search_term_string}"},"query-input":{"@type":"PropertyValueSpecification","valueRequired":true,"valueName":"search_term_string"}}],"inLanguage":"es"},{"@type":"Organization","@id":"https:\/\/vandvingetek.com\/#organization","name":"VANDV INGENIERIA","url":"https:\/\/vandvingetek.com\/","logo":{"@type":"ImageObject","inLanguage":"es","@id":"https:\/\/vandvingetek.com\/#\/schema\/logo\/image\/","url":"https:\/\/vandvingetek.com\/wp-content\/uploads\/2026\/01\/logo-vandv-ingtek-01_v2-06-scaled.png","contentUrl":"https:\/\/vandvingetek.com\/wp-content\/uploads\/2026\/01\/logo-vandv-ingtek-01_v2-06-scaled.png","width":2560,"height":555,"caption":"VANDV INGENIERIA"},"image":{"@id":"https:\/\/vandvingetek.com\/#\/schema\/logo\/image\/"}}]}},"_links":{"self":[{"href":"https:\/\/vandvingetek.com\/index.php\/wp-json\/wp\/v2\/pages\/872","targetHints":{"allow":["GET"]}}],"collection":[{"href":"https:\/\/vandvingetek.com\/index.php\/wp-json\/wp\/v2\/pages"}],"about":[{"href":"https:\/\/vandvingetek.com\/index.php\/wp-json\/wp\/v2\/types\/page"}],"author":[{"embeddable":true,"href":"https:\/\/vandvingetek.com\/index.php\/wp-json\/wp\/v2\/users\/1"}],"replies":[{"embeddable":true,"href":"https:\/\/vandvingetek.com\/index.php\/wp-json\/wp\/v2\/comments?post=872"}],"version-history":[{"count":11,"href":"https:\/\/vandvingetek.com\/index.php\/wp-json\/wp\/v2\/pages\/872\/revisions"}],"predecessor-version":[{"id":1230,"href":"https:\/\/vandvingetek.com\/index.php\/wp-json\/wp\/v2\/pages\/872\/revisions\/1230"}],"wp:attachment":[{"href":"https:\/\/vandvingetek.com\/index.php\/wp-json\/wp\/v2\/media?parent=872"}],"curies":[{"name":"wp","href":"https:\/\/api.w.org\/{rel}","templated":true}]}}