{"id":880,"date":"2026-01-16T01:13:24","date_gmt":"2026-01-16T01:13:24","guid":{"rendered":"https:\/\/vandvingetek.com\/?page_id=880"},"modified":"2026-03-18T16:23:25","modified_gmt":"2026-03-18T16:23:25","slug":"analisis-de-fallas-de-ductos-mineros","status":"publish","type":"page","link":"https:\/\/vandvingetek.com\/index.php\/analisis-de-fallas-de-ductos-mineros\/","title":{"rendered":"An\u00e1lisis de fallas de ductos mineros"},"content":{"rendered":"\n<div class=\"gb-element-df3609a4\"><\/div>\n\n\n\n<div class=\"gb-element-f5b2b89c\">\n<div class=\"gb-element-a52a3def\">\n<div class=\"gb-element-f5bd9dbe\">\n<div class=\"gb-element-8fcb422f\">\n<h2 class=\"gb-text gb-text-a79e8059\"><strong>An\u00e1lisis de fallas de ductos mineros<\/strong><\/h2>\n\n\n\n<p class=\"gb-text gb-text-121ae363\">El an\u00e1lisis de fallas de ductos mineros permite identificar las causas reales de da\u00f1os, rupturas o p\u00e9rdidas de integridad en sistemas de transporte de fluido (<strong>RCFA<\/strong>)s. A partir de datos operacionales, inspecciones y evidencia t\u00e9cnica, se generan conclusiones que permiten <strong>prevenir recurrencias, optimizar el dise\u00f1o y el mantenimiento, y elevar la confiabilidad de toda la operaci\u00f3n minera. <\/strong>Tenemos experiencia en aplicaci\u00f3n de los siguientes c\u00f3digos de integridad y evaluaci\u00f3n de da\u00f1os: API 579 \/ ASME FFS-1 \u2013 Fitness for Service, ASMEB31G, ASME B31.4 y ASME B31.11.<strong>&nbsp;<\/strong><br><br><\/p>\n<\/div>\n\n\n\n<div class=\"gb-element-f6be6cb5\">\n<figure class=\"wp-block-image size-full is-resized\"><img loading=\"lazy\" decoding=\"async\" width=\"1024\" height=\"1024\" src=\"https:\/\/vandvingetek.com\/wp-content\/uploads\/2026\/01\/servicios_09_vandving.jpg\" alt=\"\" class=\"wp-image-932\" style=\"object-fit:cover;width:400px;height:400px\" srcset=\"https:\/\/vandvingetek.com\/wp-content\/uploads\/2026\/01\/servicios_09_vandving.jpg 1024w, https:\/\/vandvingetek.com\/wp-content\/uploads\/2026\/01\/servicios_09_vandving-300x300.jpg 300w, https:\/\/vandvingetek.com\/wp-content\/uploads\/2026\/01\/servicios_09_vandving-150x150.jpg 150w, https:\/\/vandvingetek.com\/wp-content\/uploads\/2026\/01\/servicios_09_vandving-768x768.jpg 768w\" sizes=\"auto, (max-width: 1024px) 100vw, 1024px\" \/><\/figure>\n<\/div>\n<\/div>\n<\/div>\n<\/div>\n","protected":false},"excerpt":{"rendered":"<p>An\u00e1lisis de fallas de ductos mineros El an\u00e1lisis de fallas de ductos mineros permite identificar las causas reales de da\u00f1os, rupturas o p\u00e9rdidas de integridad en sistemas de transporte de fluido (RCFA)s. A partir de datos operacionales, inspecciones y evidencia t\u00e9cnica, se generan conclusiones que permiten prevenir recurrencias, optimizar el dise\u00f1o y el mantenimiento, y &#8230; <a title=\"An\u00e1lisis de fallas de ductos mineros\" class=\"read-more\" href=\"https:\/\/vandvingetek.com\/index.php\/analisis-de-fallas-de-ductos-mineros\/\" aria-label=\"M\u00e1s en An\u00e1lisis de fallas de ductos mineros\">Leer m\u00e1s<\/a><\/p>\n","protected":false},"author":1,"featured_media":0,"parent":0,"menu_order":0,"comment_status":"closed","ping_status":"closed","template":"","meta":{"footnotes":""},"class_list":["post-880","page","type-page","status-publish"],"yoast_head":"<!-- This site is optimized with the Yoast SEO plugin v26.7 - https:\/\/yoast.com\/wordpress\/plugins\/seo\/ -->\n<title>An\u00e1lisis de fallas de ductos mineros - VANDV INGENIERIA<\/title>\n<meta name=\"robots\" content=\"index, follow, max-snippet:-1, max-image-preview:large, max-video-preview:-1\" \/>\n<link rel=\"canonical\" href=\"https:\/\/vandvingetek.com\/index.php\/analisis-de-fallas-de-ductos-mineros\/\" \/>\n<meta property=\"og:locale\" content=\"es_ES\" \/>\n<meta property=\"og:type\" content=\"article\" \/>\n<meta property=\"og:title\" content=\"An\u00e1lisis de fallas de ductos mineros - VANDV INGENIERIA\" \/>\n<meta property=\"og:description\" content=\"An\u00e1lisis de fallas de ductos mineros El an\u00e1lisis de fallas de ductos mineros permite identificar las causas reales de da\u00f1os, rupturas o p\u00e9rdidas de integridad en sistemas de transporte de fluido (RCFA)s. A partir de datos operacionales, inspecciones y evidencia t\u00e9cnica, se generan conclusiones que permiten prevenir recurrencias, optimizar el dise\u00f1o y el mantenimiento, y ... Leer m\u00e1s\" \/>\n<meta property=\"og:url\" content=\"https:\/\/vandvingetek.com\/index.php\/analisis-de-fallas-de-ductos-mineros\/\" \/>\n<meta property=\"og:site_name\" content=\"VANDV INGENIERIA\" \/>\n<meta property=\"article:modified_time\" content=\"2026-03-18T16:23:25+00:00\" \/>\n<meta property=\"og:image\" content=\"https:\/\/vandvingetek.com\/wp-content\/uploads\/2026\/01\/servicios_09_vandving.jpg\" \/>\n\t<meta property=\"og:image:width\" content=\"1024\" \/>\n\t<meta property=\"og:image:height\" content=\"1024\" \/>\n\t<meta property=\"og:image:type\" content=\"image\/jpeg\" \/>\n<meta name=\"twitter:card\" content=\"summary_large_image\" \/>\n<meta name=\"twitter:label1\" content=\"Tiempo de lectura\" \/>\n\t<meta name=\"twitter:data1\" content=\"1 minuto\" \/>\n<script type=\"application\/ld+json\" class=\"yoast-schema-graph\">{\"@context\":\"https:\/\/schema.org\",\"@graph\":[{\"@type\":\"WebPage\",\"@id\":\"https:\/\/vandvingetek.com\/index.php\/analisis-de-fallas-de-ductos-mineros\/\",\"url\":\"https:\/\/vandvingetek.com\/index.php\/analisis-de-fallas-de-ductos-mineros\/\",\"name\":\"An\u00e1lisis de fallas de ductos mineros - VANDV INGENIERIA\",\"isPartOf\":{\"@id\":\"https:\/\/vandvingetek.com\/#website\"},\"primaryImageOfPage\":{\"@id\":\"https:\/\/vandvingetek.com\/index.php\/analisis-de-fallas-de-ductos-mineros\/#primaryimage\"},\"image\":{\"@id\":\"https:\/\/vandvingetek.com\/index.php\/analisis-de-fallas-de-ductos-mineros\/#primaryimage\"},\"thumbnailUrl\":\"https:\/\/vandvingetek.com\/wp-content\/uploads\/2026\/01\/servicios_09_vandving.jpg\",\"datePublished\":\"2026-01-16T01:13:24+00:00\",\"dateModified\":\"2026-03-18T16:23:25+00:00\",\"breadcrumb\":{\"@id\":\"https:\/\/vandvingetek.com\/index.php\/analisis-de-fallas-de-ductos-mineros\/#breadcrumb\"},\"inLanguage\":\"es\",\"potentialAction\":[{\"@type\":\"ReadAction\",\"target\":[\"https:\/\/vandvingetek.com\/index.php\/analisis-de-fallas-de-ductos-mineros\/\"]}]},{\"@type\":\"ImageObject\",\"inLanguage\":\"es\",\"@id\":\"https:\/\/vandvingetek.com\/index.php\/analisis-de-fallas-de-ductos-mineros\/#primaryimage\",\"url\":\"https:\/\/vandvingetek.com\/wp-content\/uploads\/2026\/01\/servicios_09_vandving.jpg\",\"contentUrl\":\"https:\/\/vandvingetek.com\/wp-content\/uploads\/2026\/01\/servicios_09_vandving.jpg\",\"width\":1024,\"height\":1024,\"caption\":\"servicios_09_vandving\"},{\"@type\":\"BreadcrumbList\",\"@id\":\"https:\/\/vandvingetek.com\/index.php\/analisis-de-fallas-de-ductos-mineros\/#breadcrumb\",\"itemListElement\":[{\"@type\":\"ListItem\",\"position\":1,\"name\":\"Portada\",\"item\":\"https:\/\/vandvingetek.com\/\"},{\"@type\":\"ListItem\",\"position\":2,\"name\":\"An\u00e1lisis de fallas de ductos mineros\"}]},{\"@type\":\"WebSite\",\"@id\":\"https:\/\/vandvingetek.com\/#website\",\"url\":\"https:\/\/vandvingetek.com\/\",\"name\":\"VANDV INGENIERIA\",\"description\":\"\",\"publisher\":{\"@id\":\"https:\/\/vandvingetek.com\/#organization\"},\"potentialAction\":[{\"@type\":\"SearchAction\",\"target\":{\"@type\":\"EntryPoint\",\"urlTemplate\":\"https:\/\/vandvingetek.com\/?s={search_term_string}\"},\"query-input\":{\"@type\":\"PropertyValueSpecification\",\"valueRequired\":true,\"valueName\":\"search_term_string\"}}],\"inLanguage\":\"es\"},{\"@type\":\"Organization\",\"@id\":\"https:\/\/vandvingetek.com\/#organization\",\"name\":\"VANDV INGENIERIA\",\"url\":\"https:\/\/vandvingetek.com\/\",\"logo\":{\"@type\":\"ImageObject\",\"inLanguage\":\"es\",\"@id\":\"https:\/\/vandvingetek.com\/#\/schema\/logo\/image\/\",\"url\":\"https:\/\/vandvingetek.com\/wp-content\/uploads\/2026\/01\/logo-vandv-ingtek-01_v2-06-scaled.png\",\"contentUrl\":\"https:\/\/vandvingetek.com\/wp-content\/uploads\/2026\/01\/logo-vandv-ingtek-01_v2-06-scaled.png\",\"width\":2560,\"height\":555,\"caption\":\"VANDV INGENIERIA\"},\"image\":{\"@id\":\"https:\/\/vandvingetek.com\/#\/schema\/logo\/image\/\"}}]}<\/script>\n<!-- \/ Yoast SEO plugin. -->","yoast_head_json":{"title":"An\u00e1lisis de fallas de ductos mineros - VANDV INGENIERIA","robots":{"index":"index","follow":"follow","max-snippet":"max-snippet:-1","max-image-preview":"max-image-preview:large","max-video-preview":"max-video-preview:-1"},"canonical":"https:\/\/vandvingetek.com\/index.php\/analisis-de-fallas-de-ductos-mineros\/","og_locale":"es_ES","og_type":"article","og_title":"An\u00e1lisis de fallas de ductos mineros - VANDV INGENIERIA","og_description":"An\u00e1lisis de fallas de ductos mineros El an\u00e1lisis de fallas de ductos mineros permite identificar las causas reales de da\u00f1os, rupturas o p\u00e9rdidas de integridad en sistemas de transporte de fluido (RCFA)s. A partir de datos operacionales, inspecciones y evidencia t\u00e9cnica, se generan conclusiones que permiten prevenir recurrencias, optimizar el dise\u00f1o y el mantenimiento, y ... Leer m\u00e1s","og_url":"https:\/\/vandvingetek.com\/index.php\/analisis-de-fallas-de-ductos-mineros\/","og_site_name":"VANDV INGENIERIA","article_modified_time":"2026-03-18T16:23:25+00:00","og_image":[{"width":1024,"height":1024,"url":"https:\/\/vandvingetek.com\/wp-content\/uploads\/2026\/01\/servicios_09_vandving.jpg","type":"image\/jpeg"}],"twitter_card":"summary_large_image","twitter_misc":{"Tiempo de lectura":"1 minuto"},"schema":{"@context":"https:\/\/schema.org","@graph":[{"@type":"WebPage","@id":"https:\/\/vandvingetek.com\/index.php\/analisis-de-fallas-de-ductos-mineros\/","url":"https:\/\/vandvingetek.com\/index.php\/analisis-de-fallas-de-ductos-mineros\/","name":"An\u00e1lisis de fallas de ductos mineros - VANDV INGENIERIA","isPartOf":{"@id":"https:\/\/vandvingetek.com\/#website"},"primaryImageOfPage":{"@id":"https:\/\/vandvingetek.com\/index.php\/analisis-de-fallas-de-ductos-mineros\/#primaryimage"},"image":{"@id":"https:\/\/vandvingetek.com\/index.php\/analisis-de-fallas-de-ductos-mineros\/#primaryimage"},"thumbnailUrl":"https:\/\/vandvingetek.com\/wp-content\/uploads\/2026\/01\/servicios_09_vandving.jpg","datePublished":"2026-01-16T01:13:24+00:00","dateModified":"2026-03-18T16:23:25+00:00","breadcrumb":{"@id":"https:\/\/vandvingetek.com\/index.php\/analisis-de-fallas-de-ductos-mineros\/#breadcrumb"},"inLanguage":"es","potentialAction":[{"@type":"ReadAction","target":["https:\/\/vandvingetek.com\/index.php\/analisis-de-fallas-de-ductos-mineros\/"]}]},{"@type":"ImageObject","inLanguage":"es","@id":"https:\/\/vandvingetek.com\/index.php\/analisis-de-fallas-de-ductos-mineros\/#primaryimage","url":"https:\/\/vandvingetek.com\/wp-content\/uploads\/2026\/01\/servicios_09_vandving.jpg","contentUrl":"https:\/\/vandvingetek.com\/wp-content\/uploads\/2026\/01\/servicios_09_vandving.jpg","width":1024,"height":1024,"caption":"servicios_09_vandving"},{"@type":"BreadcrumbList","@id":"https:\/\/vandvingetek.com\/index.php\/analisis-de-fallas-de-ductos-mineros\/#breadcrumb","itemListElement":[{"@type":"ListItem","position":1,"name":"Portada","item":"https:\/\/vandvingetek.com\/"},{"@type":"ListItem","position":2,"name":"An\u00e1lisis de fallas de ductos mineros"}]},{"@type":"WebSite","@id":"https:\/\/vandvingetek.com\/#website","url":"https:\/\/vandvingetek.com\/","name":"VANDV INGENIERIA","description":"","publisher":{"@id":"https:\/\/vandvingetek.com\/#organization"},"potentialAction":[{"@type":"SearchAction","target":{"@type":"EntryPoint","urlTemplate":"https:\/\/vandvingetek.com\/?s={search_term_string}"},"query-input":{"@type":"PropertyValueSpecification","valueRequired":true,"valueName":"search_term_string"}}],"inLanguage":"es"},{"@type":"Organization","@id":"https:\/\/vandvingetek.com\/#organization","name":"VANDV INGENIERIA","url":"https:\/\/vandvingetek.com\/","logo":{"@type":"ImageObject","inLanguage":"es","@id":"https:\/\/vandvingetek.com\/#\/schema\/logo\/image\/","url":"https:\/\/vandvingetek.com\/wp-content\/uploads\/2026\/01\/logo-vandv-ingtek-01_v2-06-scaled.png","contentUrl":"https:\/\/vandvingetek.com\/wp-content\/uploads\/2026\/01\/logo-vandv-ingtek-01_v2-06-scaled.png","width":2560,"height":555,"caption":"VANDV INGENIERIA"},"image":{"@id":"https:\/\/vandvingetek.com\/#\/schema\/logo\/image\/"}}]}},"_links":{"self":[{"href":"https:\/\/vandvingetek.com\/index.php\/wp-json\/wp\/v2\/pages\/880","targetHints":{"allow":["GET"]}}],"collection":[{"href":"https:\/\/vandvingetek.com\/index.php\/wp-json\/wp\/v2\/pages"}],"about":[{"href":"https:\/\/vandvingetek.com\/index.php\/wp-json\/wp\/v2\/types\/page"}],"author":[{"embeddable":true,"href":"https:\/\/vandvingetek.com\/index.php\/wp-json\/wp\/v2\/users\/1"}],"replies":[{"embeddable":true,"href":"https:\/\/vandvingetek.com\/index.php\/wp-json\/wp\/v2\/comments?post=880"}],"version-history":[{"count":5,"href":"https:\/\/vandvingetek.com\/index.php\/wp-json\/wp\/v2\/pages\/880\/revisions"}],"predecessor-version":[{"id":1234,"href":"https:\/\/vandvingetek.com\/index.php\/wp-json\/wp\/v2\/pages\/880\/revisions\/1234"}],"wp:attachment":[{"href":"https:\/\/vandvingetek.com\/index.php\/wp-json\/wp\/v2\/media?parent=880"}],"curies":[{"name":"wp","href":"https:\/\/api.w.org\/{rel}","templated":true}]}}